f 818?
8
What is the hundreds digit of 526?
5
What is the thousands digit of 22625?
2
What is the hundreds digit of 44742?
7
What is the tens digit of 5238?
3
What is the hundreds digit of 712?
7
What is the tens digit of 593?
9
What is the hundreds digit of 95326?
3
What is the hundreds digit of 41873?
8
What is the units digit of 6777?
7
What is the hundreds digit of 142194?
1
What is the hundreds digit of 394?
3
What is the units digit of 102?
2
What is the hundreds digit of 7627?
6
What is the tens digit of 79769?
6
What is the thousands digit of 4027?
4
What is the hundreds digit of 14882?
8
What is the tens digit of 6348?
4
What is the hundreds digit of 1768?
7
What is the thousands digit of 17023?
7
What is the hundreds digit of 8361?
3
What is the units digit of 5698?
8
What is the thousands digit of 74486?
4
What is the hundreds digit of 14065?
0
What is the hundreds digit of 14592?
5
What is the tens digit of 2474?
7
What is the thousands digit of 2193?
2
What is the tens digit of 70764?
6
What is the ten thousands digit of 18518?
1
What is the tens digit of 2862?
6
What is the tens digit of 1078?
7
What is the units digit of 1095?
5
What is the hundreds digit of 2066?
0
What is the hundreds digit of 10463?
4
What is the thousands digit of 1116?
1
What is the ten thousands digit of 68314?
6
What is the hundreds digit of 526?
5
What is the tens digit of 21427?
2
What is the units digit of 442?
2
What is the ten thousands digit of 40055?
4
What is the hundreds digit of 2933?
9
What is the hundreds digit of 32479?
4
What is the tens digit of 6363?
6
What is the tens digit of 18870?
7
What is the tens digit of 53376?
7
What is the thousands digit of 3116?
3
What is the hundreds digit of 1023?
0
What is the ten thousands digit of 108675?
0
What is the hundreds digit of 29781?
7
What is the thousands digit of 7143?
7
What is the tens digit of 29865?
6
What is the tens digit of 6317?
1
What is the thousands digit of 20689?
0
What is the tens digit of 2377?
7
What is the tens digit of 446?
4
What is the thousands digit of 1342?
1
What is the units digit of 11356?
6
What is the units digit of 10296?
6
What is the units digit of 1869?
9
What is the hundreds digit of 502?
5
What is the hundreds digit of 34407?
4
What is the hundreds digit of 2849?
8
What is the ten thousands digit of 77283?
7
What is the tens digit of 963?
6
What is the hundreds digit of 115074?
0
What is the ten thousands digit of 27728?
2
What is the ten thousands digit of 40447?
4
What is the hundreds digit of 22367?
3
What is the ten thousands digit of 89794?
8
What is the tens digit of 4687?
8
What is the units digit of 36075?
5
What is the tens digit of 172365?
6
What is the hundreds digit of 44312?
3
What is the units digit of 103032?
2
What is the hundreds digit of 453?
4
What is the tens digit of 44470?
7
What is the hundreds digit of 27012?
0
What is the units digit of 3018?
8
What is the hundreds digit of 1740?
7
What is the tens digit of 23027?
2
What is the units digit of 2230?
0
What is the tens digit of 7808?
0
What is the ten thousands digit of 51940?
5
What is the thousands digit of 82092?
2
What is the hundreds digit of 21357?
3
What is the hundreds digit of 3012?
0
What is the thousands digit of 8727?
8
What is the hundreds digit of 7068?
0
What is the hundred thousands digit of 127841?
1
What is the ten thousands digit of 19532?
1
What is the hundreds digit of 7044?
0
What is the hundreds digit of 1544?
5
What is the hundreds digit of 1317?
3
What is the units digit of 1011?
1
What is the hundreds digit of 324?
3
What is the ten thousands digit of 44033?
4
What is the hundreds digit of 5895?
8
What is the thousands digit of 65890?
5
What is the units digit of 1150?
0
What is the hundreds digit of 774?
7
What is the units digit of 2608?
8
What is the hundreds digit of 3047?
0
What is the thousands digit of 41918?
1
What is the ten thousands digit of 20176?
2
What is the thousands digit of 34341?
4
What is the thousands digit of 1132?
1
What is the units digit of 9833?
3
What is the ten thousands digit of 26431?
2
What is the tens digit of 33165?
6
What is the units digit of 8857?
7
What is the hundreds digit of 417?
4
What is the thousands digit of 14834?
4
What is the hundreds digit of 1689?
6
What is the ten thousands digit of 19807?
1
What is the tens digit of 211?
1
What is the hundreds digit of 6268?
2
What is the thousands digit of 3614?
3
What is the units digit of 1204?
4
What is the units digit of 4904?
4
What is the units digit of 2233?
3
What is the thousands digit of 5834?
5
What is the thousands digit of 42505?
2
What is the tens digit of 45802?
0
What is the hundreds digit of 7713?
7
What is the tens digit of 37163?
6
What is the tens digit of 6689?
8
What is the units digit of 710?
0
What is the tens digit of 584?
8
What is the units digit of 30347?
7
What is the tens digit of 65941?
4
What is the tens digit of 665?
6
What is the hundreds digit of 3118?
1
What is the thousands digit of 1166?
1
What is the tens digit of 14821?
2
What is the tens digit of 2248?
4
What is the units digit of 1418?
8
What is the units digit of 7088?
8
What is the thousands digit of 5019?
5
What is the thousands digit of 1565?
1
What is the hundreds digit of 4948?
9
What is the tens digit of 168660?
6
What is the units digit of 64713?
3
What is the units digit of 380?
0
What is the units digit of 69852?
2
What is the tens digit of 1143?
4
What is the thousands digit of 2671?
2
What is the hundreds digit of 941?
9
What is the ten thousands digit of 54287?
5
What is the units digit of 1047?
7
What is the units digit of 19349?
9
What is the hundreds digit of 2629?
6
What is the tens digit of 976?
7
What is the thousands digit of 15250?
5
What is the hundreds digit of 283?
2
What is the tens digit of 992?
9
What is the tens digit of 2666?
6
What is the units digit of 9826?
6
What is the thousands digit of 7663?
7
What is the units digit of 21352?
2
What is the hundreds digit of 1767?
7
What is the ten thousands digit of 55067?
5
What is the thousands digit of 52129?
2
What is the hundreds digit of 14204?
2
What is the hundreds digit of 115?
1
What is the units digit of 45673?
3
What is the thousands digit of 18204?
8
What is the units digit of 42396?
6
What is the hundreds digit of 55792?
7
What is the units digit of 49819?
9
What is the units digit of 14677?
7
What is the hundreds digit of 1239?
2
What is the hundreds digit of 2026?
0
What is the hundreds digit of 1661?
6
What is the units digit of 7058?
8
What is the units digit of 18808?
8
What is the hundreds digit of 432?
4
What is the units digit of 686?
6
What is the units digit of 919?
9
What is the thousands digit of 48985?
8
What is the hundreds digit of 1978?
9
What is the units digit of 46889?
9
What is the tens digit of 51?
5
What is the units digit of 2630?
0
What is the tens digit of 309?
0
What is the tens digit of 213?
1
What is the hundreds digit of 1652?
6
What is the hundreds digit of 20859?
8
What is the hundreds digit of 3869?
8
What is the tens digit of 129496?
9
What is the units digit of 487?
7
What is the thousands digit of 1439?
1
What is the hundreds digit of 15551?
5
What is the thousands digit of 7779?
7
What is the units digit of 1666?
6
What is the units digit of 36714?
4
What is the hundreds digit of 88239?
2
What is the units digit of 46580?
0
What is the hundreds digit of 2124?
1
What is the units digit of 990?
0
What is the thousands digit of 2675?
2
What is the units digit of 10421?
1
What is the hundreds digit of 399?
3
What is the thousands digit of 6702?
6
What is the thousands digit of 5065?
5
What is the units digit of 721?
1
What is the units digit of 70245?
5
What is the hundreds digit of 2451?
4
What is the hundreds digit of 2070?
0
What is the hundreds digit of 4576?
5
What is the units digit of 3715?
5
What is the units digit of 27033?
3
What is the units digit of 1996?
6
What is the tens digit of 6631?
3
What is the hundreds digit of 954?
9
What is the thousands digit of 13396?
3
What is the tens digit of 508?
0
What is the tens digit of 54677?
7
What is the hundreds digit of 15787?
7
What is the tens digit of 6719?
1
What is the ten thousands digit of 50462?
5
What is